 the remainder when 64134205 is divided by 266?
9
Calculate the remainder when 12666208 is divided by 262.
80
What is the remainder when 7276371 is divided by 43?
40
What is the remainder when 374307 is divided by 5278?
4847
What is the remainder when 38151 is divided by 3230?
2621
What is the remainder when 113348 is divided by 14146?
180
Calculate the remainder when 37111 is divided by 121.
85
Calculate the remainder when 2311253 is divided by 192604.
5
Calculate the remainder when 1187901 is divided by 178.
107
What is the remainder when 47854 is divided by 22910?
2034
What is the remainder when 1928761 is divided by 275537?
2
Calculate the remainder when 27294 is divided by 6637.
746
Calculate the remainder when 69656487 is divided by 23218827.
6
Calculate the remainder when 34926 is divided by 5820.
6
Calculate the remainder when 1321959 is divided by 1338.
15
Calculate the remainder when 136842200 is divided by 1303259.
5
Calculate the remainder when 898874 is divided by 735.
704
What is the remainder when 71835913 is divided by 17?
16
What is the remainder when 23686 is divided by 7563?
997
Calculate the remainder when 420471 is divided by 308.
51
What is the remainder when 3194930 is divided by 307?
288
What is the remainder when 37257 is divided by 4658?
4651
Calculate the remainder when 1647191 is divided by 274443.
533
Calculate the remainder when 22765918 is divided by 31.
14
What is the remainder when 842430 is divided by 210601?
26
Calculate the remainder when 10067518 is divided by 2013499.
23
What is the remainder when 536553 is divided by 175?
3
Calculate the remainder when 57989 is divided by 8257.
190
What is the remainder when 14747 is divided by 726?
227
Calculate the remainder when 91782 is divided by 1876.
1734
What is the remainder when 413952 is divided by 103487?
4
What is the remainder when 318104 is divided by 6237?
17
What is the remainder when 123097 is divided by 61432?
233
Calculate the remainder when 79289 is divided by 2032.
41
Calculate the remainder when 192204 is divided by 5816.
276
Calculate the remainder when 5843585 is divided by 40.
25
Calculate the remainder when 11364845 is divided by 9.
5
What is the remainder when 18941007 is divided by 15?
12
What is the remainder when 27487969 is divided by 189?
187
What is the remainder when 8417576 is divided by 16869?
16814
What is the remainder when 31051606 is divided by 31051603?
3
What is the remainder when 3680452 is divided by 1583?
1560
Calculate the remainder when 713562 is divided by 164.
162
What is the remainder when 18152465 is divided by 825?
815
What is the remainder when 695805 is divided by 48?
45
Calculate the remainder when 1119762 is divided by 6051.
327
Calculate the remainder when 29400 is divided by 8333.
4401
What is the remainder when 1485727149 is divided by 188?
185
Calculate the remainder when 38502229 is divided by 598.
597
What is the remainder when 21926772 is divided by 10963385?
2
What is the remainder when 11983767 is divided by 388?
387
Calculate the remainder when 20255 is divided by 20182.
73
Calculate the remainder when 580338 is divided by 397.
321
What is the remainder when 105056 is divided by 26212?
208
What is the remainder when 50464979 is divided by 290?
49
What is the remainder when 1651674 is divided by 20?
14
What is the remainder when 658597 is divided by 1075?
697
What is the remainder when 47375325 is divided by 4737532?
5
Calculate the remainder when 21708444 is divided by 10854220.
4
What is the remainder when 43180 is divided by 6155?
95
Calculate the remainder when 419925 is divided by 97.
12
Calculate the remainder when 142915 is divided by 21.
10
Calculate the remainder when 4258703 is divided by 250504.
135
Calculate the remainder when 127808397 is divided by 200.
197
What is the remainder when 72211 is divided by 24053?
52
What is the remainder when 70807 is divided by 1095?
727
Calculate the remainder when 427976327 is divided by 190.
187
Calculate the remainder when 314711 is divided by 8280.
71
Calculate the remainder when 646349 is divided by 181.
179
Calculate the remainder when 327314 is divided by 65452.
54
Calculate the remainder when 1576170 is divided by 1262.
1194
Calculate the remainder when 612271 is divided by 306134.
3
What is the remainder when 6190434 is divided by 118?
36
What is the remainder when 429204 is divided by 107271?
120
Calculate the remainder when 24828 is divided by 4263.
3513
Calculate the remainder when 59212961 is divided by 59212959.
2
What is the remainder when 328118 is divided by 1465?
1423
Calculate the remainder when 3822008 is divided by 178.
170
Calculate the remainder when 1935132 is divided by 44.
12
Calculate the remainder when 4123915 is divided by 21.
19
What is the remainder when 1117265 is divided by 454?
425
Calculate the remainder when 1016518 is divided by 4939.
4023
Calculate the remainder when 77053 is divided by 22.
9
What is the remainder when 20861671 is divided by 158?
141
Calculate the remainder when 261741922 is divided by 74.
0
Calculate the remainder when 4465577 is divided by 1116393.
5
What is the remainder when 3549450 is divided by 27730?
10
What is the remainder when 11214705 is divided by 454?
451
Calculate the remainder when 12706470 is divided by 12206.
24
Calculate the remainder when 88072 is divided by 1911.
166
Calculate the remainder when 129183 is divided by 4332.
3555
What is the remainder when 464520 is divided by 63575?
19495
What is the remainder when 139514 is divided by 139463?
51
What is the remainder when 4065177 is divided by 50813?
137
Calculate the remainder when 51885 is divided by 12763.
833
What is the remainder when 18544 is divided by 3707?
9
Calculate the remainder when 74497912 is divided by 22.
16
Calculate the remainder when 59896 is divided by 59821.
75
What is the remainder when 5577308 is divided by 237?
224
What is the remainder when 37585 is divided by 18591?
403
What is the remainder when 271106204 is divided by 544?
540
Calculate the remainder when 9708 is divided by 7411.
2297
What is the remainder when 5992398 is divided by 212?
6
Calculate the remainder when 3026798 is divided by 12456.
12446
Calculate the remainder when 132836 is divided by 66336.
164
What is the remainder when 26652 is divided by 1727?
747
What is the remainder when 986953 is divided by 493421?
111
What is the remainder when 1496644 is divided by 498745?
409
What is the remainder when 45957788 is divided by 3084?
20
Calculate the remainder when 7148123 is divided by 374.
235
What is the remainder when 15547770 is divided by 382?
370
Calculate the remainder when 36399 is divided by 11925.
624
Calculate the remainder when 97295 is divided by 48258.
779
What is the remainder when 2936330 is divided by 209732?
82
Calculate the remainder when 2507315 is divided by 501463.
0
What is the remainder when 120941 is divided by 526?
487
Calculate the remainder when 7456452 is divided by 765.
762
Calculate the remainder when 334023821 is divided by 23.
19
Calculate the remainder when 3088955 is divided by 1029456.
587
Calculate the remainder when 78402 is divided by 1686.
846
What is the remainder when 5711043 is divided by 1903680?
3
What is the remainder when 2131691 is divided by 220?
111
What is the remainder when 96569 is divided by 48209?
151
What is the remainder when 16693447 is divided by 1206?
1201
What is the remainder when 3858095 is divided by 35394?
149
What is the remainder when 1019547 is divided by 18534?
177
Calculate the remainder when 358886 is divided by 119596.
98
What is the remainder when 4501856 is divided by 1500255?
1091
Calculate the remainder when 502303 is divided by 124869.
2827
Calculate the remainder when 25048 is divided by 1815.
1453
What is the remainder when 14789780 is divided by 5766?
5756
What is the remainder when 752307 is divided by 4639?
789
What is the remainder when 257306 is divided by 3100?
6
Calculate the remainder when 194174794 is divided by 1556.
1554
What is the remainder when 4618512 is divided by 39?
15
Calculate the remainder when 165223 is divided by 158604.
6619
Calculate the remainder when 57755901 is divided by 29.
23
What is the remainder when 35707 is divided by 32117?
3590
Calc